s of 53781933?
3, 17927311
What are the prime factors of 1326963340?
2, 5, 73, 908879
What are the prime factors of 21848297?
21848297
What are the prime factors of 57881666?
2, 1123, 25771
What are the prime factors of 52170765?
3, 5, 3478051
List the prime factors of 63667641.
3, 2137, 9931
What are the prime factors of 82708918?
2, 41354459
What are the prime factors of 48646439?
233, 281, 743
List the prime factors of 1049310476.
2, 151, 1737269
List the prime factors of 314663311.
29, 991, 10949
What are the prime factors of 397973200?
2, 5, 994933
What are the prime factors of 35545555?
5, 17, 1447
List the prime factors of 99285281.
31, 1607, 1993
List the prime factors of 12776217.
3, 89, 109, 439
What are the prime factors of 1352259307?
7, 193179901
List the prime factors of 794204.
2, 211, 941
List the prime factors of 11528957.
11, 23, 45569
What are the prime factors of 216781887?
3, 7, 19, 543313
What are the prime factors of 590828587?
47, 1543, 8147
What are the prime factors of 51910417?
13, 43, 92863
What are the prime factors of 48893691?
3, 7, 11, 211661
List the prime factors of 67835394.
2, 3, 11, 12689
What are the prime factors of 5849040316?
2, 7, 208894297
List the prime factors of 1477921128.
2, 3, 61580047
List the prime factors of 686482625.
5, 83, 127, 521
List the prime factors of 51365642.
2, 47, 79, 6917
List the prime factors of 3630561430.
2, 5, 363056143
List the prime factors of 3119253142.
2, 19, 82085609
What are the prime factors of 3747377283?
3, 13, 433, 221909
What are the prime factors of 1910887486?
2, 955443743
What are the prime factors of 4835738662?
2, 2417869331
What are the prime factors of 19135621?
29, 659849
List the prime factors of 1759968973.
7, 37, 43, 158029
What are the prime factors of 543083227?
543083227
List the prime factors of 4792314.
2, 3, 37, 21587
What are the prime factors of 1164309629?
7, 293, 81097
What are the prime factors of 820584996?
2, 3, 7, 11, 19, 43, 1087
List the prime factors of 176534183.
7, 61, 413429
What are the prime factors of 43355153?
43355153
List the prime factors of 1534349169.
3, 47, 239, 5059
What are the prime factors of 294152245?
5, 41, 163, 8803
List the prime factors of 76105268.
2, 727, 26171
List the prime factors of 25010066.
2, 3271, 3823
What are the prime factors of 2431762921?
7, 773, 449411
List the prime factors of 810339671.
18787, 43133
List the prime factors of 927314005.
5, 29, 31, 206299
List the prime factors of 2128429877.
7, 304061411
What are the prime factors of 2061572286?
2, 3, 17, 20211493
List the prime factors of 108013282.
2, 13, 73, 56909
What are the prime factors of 39329631?
3, 11, 37, 1193
What are the prime factors of 6834607?
13, 525739
What are the prime factors of 14715291?
3, 19, 53, 4871
List the prime factors of 278406399.
3, 17, 101, 54049
List the prime factors of 3158976933.
3, 7, 7163213
What are the prime factors of 5697024508?
2, 7, 203465161
List the prime factors of 41243360.
2, 5, 17, 59, 257
What are the prime factors of 3796604?
2, 7, 135593
What are the prime factors of 87580919?
87580919
What are the prime factors of 151411327?
151411327
List the prime factors of 150082333.
2617, 57349
What are the prime factors of 179526973?
89, 397, 5081
What are the prime factors of 244884584?
2, 7, 29, 150791
List the prime factors of 360784744.
2, 17, 61, 157, 277
What are the prime factors of 459915025?
5, 17, 1082153
List the prime factors of 46796410.
2, 5, 17, 151, 1823
List the prime factors of 295198826.
2, 13, 79, 143719
List the prime factors of 47224146.
2, 3, 67, 79, 1487
List the prime factors of 471733760.
2, 5, 184271
List the prime factors of 155274529.
155274529
List the prime factors of 1735125618.
2, 3, 289187603
List the prime factors of 872959391.
872959391
What are the prime factors of 4645606?
2, 7, 167, 1987
List the prime factors of 188399077.
47, 691, 5801
List the prime factors of 454461814.
2, 227230907
What are the prime factors of 536675403?
3, 11, 53, 306847
What are the prime factors of 697280247?
3, 77475583
List the prime factors of 1260948992.
2, 2462791
What are the prime factors of 16472037?
3, 41, 133919
List the prime factors of 18271450.
2, 5, 29, 12601
What are the prime factors of 356213284?
2, 7, 12721903
What are the prime factors of 24324463?
24324463
List the prime factors of 295736227.
37, 7992871
List the prime factors of 264755814.
2, 3, 4663, 9463
What are the prime factors of 119899757?
119899757
List the prime factors of 214934224.
2, 2897, 4637
What are the prime factors of 1062089197?
13, 81699169
List the prime factors of 2450672519.
17, 2861, 50387
List the prime factors of 187496846.
2, 93748423
List the prime factors of 85798353.
3, 28599451
What are the prime factors of 34854311?
34854311
What are the prime factors of 56304736?
2, 23, 113, 677
List the prime factors of 1809505727.
137, 233, 56687
List the prime factors of 1766236428.
2, 3, 11, 19, 26083
List the prime factors of 809604240.
2, 3, 5, 137, 24623
What are the prime factors of 58890667?
11, 199, 26903
List the prime factors of 31549553.
7, 4507079
What are the prime factors of 3615073?
7, 11, 19, 353
What are the prime factors of 1696318013?
13, 71, 1837831
List the prime factors of 252569314.
2, 126284657
What are the prime factors of 27516731?
11, 19, 11969
What are the prime factors of 11168413?
37, 151, 1999
List the prime factors of 147723760.
2, 5, 1846547
List the prime factors of 133348032.
2, 3, 29, 887
What are the prime factors of 2844856268?
2, 29, 61, 402043
List the prime factors of 254398692.
2, 3, 21199891
What are the prime factors of 146937338?
2, 73468669
List the prime factors of 3549370010.
2, 5, 281, 1263121
What are the prime factors of 2622246?
2, 3, 11, 67, 593
List the prime factors of 124982369.
163, 766763
List the prime factors of 119050758.
2, 3, 6613931
List the prime factors of 994291966.
2, 497145983
List the prime factors of 4381403823.
3, 71, 827, 8291
What are the prime factors of 43959569?
17, 907, 2851
What are the prime factors of 221946365?
5, 61, 359, 2027
What are the prime factors of 106068112?
2, 31, 213847
What are the prime factors of 1225237718?
2, 612618859
What are the prime factors of 1900831403?
79, 24061157
What are the prime factors of 447216309?
3, 317, 17417
List the prime factors of 1916527883.
47, 40777189
What are the prime factors of 1998139716?
2, 3, 251, 881
List the prime factors of 197211074.
2, 98605537
List the prime factors of 1227610410.
2, 3, 5, 13, 3147719
List the prime factors of 14054674.
2, 1657, 4241
What are the prime factors of 196024165?
5, 39204833
What are the prime factors of 556523131?
556523131
List the prime factors of 1783614034.
2, 467, 1909651
List the prime factors of 63150510.
2, 3, 5, 941, 2237
What are the prime factors of 145276992?
2, 3, 7, 137, 263
List the prime factors of 460407871.
7, 11, 122027
What are the prime factors of 690496080?
2, 3, 5, 179, 16073
What are the prime factors of 144727166?
2, 72363583
What are the prime factors of 2082306567?
3, 11, 89, 708991
What are the prime factors of 109894227?
3, 41, 893449
What are the prime factors of 3155526?
2, 3, 11, 15937
What are the prime factors of 79642404?
2, 3, 71, 31159
List the prime factors of 62878990.
2, 5, 499, 12601
List the prime factors of 911025148.
2, 11, 19, 31, 35153
What are the prime factors of 1284178346?
2, 11, 19, 3072197
What are the prime factors of 34038543?
3, 7, 11, 147353
What are the prime factors of 1823241206?
2, 1153, 790651
List the prime factors of 892504834.
2, 13, 23, 131, 11393
List the prime factors of 2328266658.
2, 3, 1511, 256813
What are the prime factors of 302545006?
2, 6659, 22717
List the prime factors of 1084779468.
2, 3, 37, 814399
What are the prime factors of 145336769?
145336769
What are the prime factors of 2824175911?
23, 167, 735271
What are the prime factors of 139402525?
5, 19, 269, 1091
What are the prime factors of 151679446?
2, 5351, 14173
List the prime factors of 237889340.
2, 5, 13, 101, 9059
What are the prime factors of 2422850882?
2, 127, 9538783
List the prime factors of 79122939.
3, 7, 113, 33343
What are the prime factors of 482403537?
3, 7, 11, 696109
List the prime 